{"id":2415,"date":"2024-11-05T11:13:06","date_gmt":"2024-11-05T10:13:06","guid":{"rendered":"https:\/\/boutique.rabe3d.com\/?page_id=2415"},"modified":"2025-09-26T13:01:26","modified_gmt":"2025-09-26T11:01:26","slug":"conditions-generales-de-vente","status":"publish","type":"page","link":"https:\/\/boutique.rabe3d.com\/index.php\/conditions-generales-de-vente\/","title":{"rendered":"Conditions g\u00e9n\u00e9rales de vente"},"content":{"rendered":"\n<p class=\"has-black-color has-text-color has-link-color wp-elements-4c64f4393f7f903e42e3e8ca4d45c7f9\">Les pr\u00e9sentes conditions de vente sont conclues d&rsquo;une part \u00e0 l&rsquo;entreprise <em>Rab\u00e9 3D Engineering<\/em> (le vendeur) et, d\u2019autre part, par toute personne physique ou morale (l\u2019acheteur) souhaitant proc\u00e9der l\u2019achat de produits num\u00e9riques via le site internet <a href=\"https:\/\/boutique.rabe3d.com\/\">https:\/\/boutique.rabe3d.com\/<\/a><\/p>\n\n\n\n<p class=\"has-black-color has-text-color has-link-color has-medium-font-size wp-elements-74562f3ded62dcd0a959118054a7d6de\"><strong>Article 1: Objet<\/strong><\/p>\n\n\n\n<p class=\"has-black-color has-text-color has-link-color wp-elements-0ddc08fec870d871ad1f9cec6136fb7d\">Les pr\u00e9sentes conditions de vente visent \u00e0 d\u00e9finir les relations contractuelles entre <em>Rab\u00e9 3D Engineering<\/em> et l\u2019acheteur, et les conditions applicables \u00e0 tout achat effectu\u00e9 par le biais du site internet <a href=\"https:\/\/boutique.rabe3d.com\/\">https:\/\/boutique.rabe3d.com\/<\/a>. L\u2019acquisition d\u2019un produit \u00e0 travers le pr\u00e9sent site implique une acceptation sans r\u00e9serve par l\u2019acheteur des pr\u00e9sentes conditions de vente dont l\u2019acheteur reconna\u00eet avoir pris connaissance pr\u00e9alablement \u00e0 sa commande. La soci\u00e9t\u00e9 <em>Rab\u00e9 3D Engineering<\/em> conserve la possibilit\u00e9 de modifier \u00e0 tout moment ces conditions de ventes, afin de respecter toute nouvelle r\u00e9glementation ou dans le but d&rsquo;am\u00e9liorer l\u2019utilisation de son site. De ce fait, les conditions applicables seront celles en vigueur \u00e0 la date de la commande par l\u2019acheteur.<\/p>\n\n\n\n<h2 class=\"wp-block-heading\"><strong>Article&nbsp;2&nbsp;: Caract\u00e9ristiques essentielles des produits et services vendus<\/strong> <\/h2>\n\n\n\n<p class=\"has-black-color has-text-color has-link-color wp-elements-4c5a747b19d2ca5baa7c54276bcf786b\">Le site https:\/\/boutique.rabe3d.com\/ vend des Documents d\u2019ing\u00e9nierie en format num\u00e9rique <em>t\u00e9l\u00e9chargeables<\/em>, d\u00e9di\u00e9es \u00e0<strong>\u00a0<\/strong>la fabrication de structures diverses tels que des<strong>\u00a0<\/strong><em>R\u00e9cipients sous pression standards (R\u00e9servoirs de Gaz de P\u00e9trole liqu\u00e9fi\u00e9s\u2026), des Structures m\u00e9talliques, des Structures m\u00e9cano-soud\u00e9es\u2026<\/em> A l\u2019issue de sa commande, le client recevra un fichier en format Zip contenant les fiches en format PDF.<\/p>\n\n\n\n<p class=\"has-black-color has-text-color has-link-color has-medium-font-size wp-elements-70a44637c28bb7e256c1a8f5fc426554\"><strong>Article 3&nbsp;: Prix<\/strong><\/p>\n\n\n\n<p class=\"has-black-color has-text-color has-link-color wp-elements-08bc3541cf9e9885fd6257d746474ff3\">Les prix figurant nos fiches produits sont des prix en Euros (\u20ac) toutes taxes comprises (TTC) tenant compte de la TVA applicable au jour de la commande. <em>Rab\u00e9 3D Engineering<\/em> se r\u00e9serve le droit de modifier ses prix \u00e0 tout moment, mais le produit sera factur\u00e9 sur la base du tarif en vigueur au moment de la validation de la commande.<\/p>\n\n\n\n<h2 class=\"wp-block-heading\"><strong>Article 4&nbsp;: D\u00e9lai de disponibilit\u00e9 des produits<\/strong><\/h2>\n\n\n\n<p class=\"has-black-color has-text-color has-link-color wp-elements-a6304972ebeb4d6801ae6e469c23b2c9\">Les produits achet\u00e9s sont disponibles au t\u00e9l\u00e9chargement d\u00e8s le paiement confirm\u00e9.<\/p>\n\n\n\n<p class=\"has-black-color has-text-color has-link-color has-medium-font-size wp-elements-98ec50be9243323d8b8c4eb2625ca239\"><strong>Article 5. Commande et modalit\u00e9s de paiement<\/strong><\/p>\n\n\n\n<p class=\"has-black-color has-text-color has-link-color wp-elements-92756bba607e57da58de8187e1262666\" style=\"font-size:14px\">Avant toute commande, l\u2019acheteur doit cr\u00e9er un compte sur le site <a href=\"https:\/\/boutique.rabe3d.com\/\">https:\/\/boutique.rabe3d.com\/<\/a>. La rubrique de cr\u00e9ation de compte est accessible directement depuis la barre de menu sup\u00e9rieur. A chaque visite, l\u2019acheteur, s\u2019il souhaite commander ou consulter son compte (\u00e9tat des commandes, profil\u2026), devra s\u2019identifier \u00e0 l\u2019aide de ces informations. La soci\u00e9t\u00e9 <em>Rab\u00e9 3D Engineering<\/em> propose \u00e0 l\u2019acheteur de commander et r\u00e9gler ses produits avec 2 options de paiement au choix:<\/p>\n\n\n\n<p class=\"has-black-color has-text-color has-link-color wp-elements-09f5bf44f0c756f794682ba3d8344f87\" style=\"font-size:15px\"><strong><em>Paiement par virement bancaire<\/em><\/strong> : l\u2019acheteur s\u00e9lectionne les produits qu\u2019il souhaite commander dans le \u00ab panier \u00bb, modifie si besoin (quantit\u00e9s, r\u00e9f\u00e9rences\u2026). Ensuite; choisit le mode de paiement de son choix : \u00ab Paiement par virement \u00bb. Enfin, la derni\u00e8re \u00e9tape lui propose de v\u00e9rifier l\u2019ensemble des informations, prendre connaissance et accepter les pr\u00e9sentes conditions g\u00e9n\u00e9rales de vente en cochant la case correspondante, puis l\u2019invite \u00e0 valider sa commande en cliquant sur le bouton \u00ab Confirmer ma commande \u00bb. Ce dernier clic forme la conclusion d\u00e9finitive du contrat. D\u00e8s validation, l\u2019acheteur re\u00e7oit un bon de commande confirmant l\u2019enregistrement de sa commande. Afin de finaliser son paiement et d\u00e9clencher le traitement de sa commande, l\u2019acheteur doit contacter sa banque afin d&rsquo;effectuer le virement correspondant au montant de sa commande vers le compte bancaire dont les coordonn\u00e9es sont communiqu\u00e9es \u00e0 l&rsquo;acheteur. D\u00e8s r\u00e9ception du virement, la commande sera trait\u00e9e, l\u2019acheteur en sera inform\u00e9 par e-mail et les produits achet\u00e9s seront disponibles au t\u00e9l\u00e9chargement.<\/p>\n\n\n\n<p class=\"has-black-color has-text-color has-link-color wp-elements-01be84f7a94acf847b4af08c41c4e747\" style=\"font-size:15px\"><strong><em>Paiement s\u00e9curis\u00e9 par Paypal ou carte bancaire (via le syst\u00e8me PAYPAL) <\/em><\/strong>: l\u2019acheteur s\u00e9lectionne les produits qu\u2019il souhaite commander dans le \u00ab panier \u00bb, modifie si besoin (quantit\u00e9s, r\u00e9f\u00e9rences\u2026). Ensuite, l\u2019acheteur choisit le mode de paiement de son choix : \u00ab Paiement par Paypal \u00bb. L\u2019\u00e9tape suivante lui propose de v\u00e9rifier l\u2019ensemble des informations, prendre connaissance et accepter les pr\u00e9sentes conditions g\u00e9n\u00e9rales de vente en cochant la case correspondante, puis l\u2019invite \u00e0 valider sa commande en cliquant sur le bouton \u00ab Confirmer ma commande \u00bb. Enfin, l\u2019acheteur est redirig\u00e9 sur l\u2019interface s\u00e9curis\u00e9e PAYPAL afin de renseigner en toute s\u00e9curit\u00e9 ses r\u00e9f\u00e9rences de compte Paypal ou de carte bleue personnelle. Si le paiement est accept\u00e9, la commande est enregistr\u00e9e et le contrat d\u00e9finitivement form\u00e9.<\/p>\n\n\n\n<p class=\"has-black-color has-text-color has-link-color wp-elements-31ac16853865b63a272c476ec41416fc\" style=\"font-size:14px\">La confirmation d\u2019une commande entra\u00eene acceptation des pr\u00e9sentes conditions de vente, la reconnaissance d\u2019en avoir parfaite connaissance et la renonciation \u00e0 se pr\u00e9valoir de ses propres conditions d\u2019achat. L\u2019ensemble des donn\u00e9es fournies et la confirmation enregistr\u00e9e vaudront preuve de la transaction. Si l\u2019acheteur poss\u00e8de une adresse \u00e9lectronique et s\u2019il l\u2019a renseign\u00e9e sur son bon de commande, la soci\u00e9t\u00e9 <em>Rab\u00e9 3D Engineering<\/em> lui communiquera par courrier \u00e9lectronique la confirmation de l\u2019enregistrement de sa commande et les produits achet\u00e9s seront disponibles au t\u00e9l\u00e9chargement.<\/p>\n\n\n\n<p class=\"has-black-color has-text-color has-link-color wp-elements-db022a3a7df0acd00d5e9f9691cc069e\" style=\"font-size:18px\"><strong>Article 6&nbsp;: Droit de r\u00e9tractation<\/strong><\/p>\n\n\n\n<p class=\"has-black-color has-text-color has-link-color wp-elements-f2ddbf948fda490f6f55e4ebbf37bfb8\" style=\"font-size:14px\">Conform\u00e9ment \u00e0 la loi, le droit de r\u00e9tractation ne s\u2019applique pas pour les contrats de fourniture d\u2019un contenu num\u00e9rique non fourni sur un support mat\u00e9riel dont l\u2019ex\u00e9cution a commenc\u00e9 apr\u00e8s accord pr\u00e9alable expr\u00e8s du consommateur et renoncement expr\u00e8s \u00e0 son droit de r\u00e9tractation.<\/p>\n\n\n\n<h2 class=\"wp-block-heading\"><strong>Article 7&nbsp;: Livraison<\/strong><\/h2>\n\n\n\n<p class=\"has-black-color has-text-color has-link-color wp-elements-2ff6ac8d65631f0d6ba02d57adf5f16a\">Les produits num\u00e9riques vendus sur le site <a href=\"https:\/\/boutique.rabe3d.com\/\">https:\/\/boutique.rabe3d<\/a>.com\/ sont disponibles uniquement en t\u00e9l\u00e9chargement.<\/p>\n\n\n\n<h2 class=\"wp-block-heading\"><strong>Article 8 : Conditions et d\u00e9lais de remboursement<\/strong><\/h2>\n\n\n\n<p class=\"has-black-color has-text-color has-link-color wp-elements-8cb486de0accd81bbf91961bcf6ad95e\">Aucun remboursement n\u2019est possible pour un produit d\u00e9j\u00e0 t\u00e9l\u00e9charg\u00e9. <em>Rab\u00e9 3D Engineering<\/em> peut par contre effectuer un remboursement en cas d\u2019achat en double du client<\/p>\n\n\n\n<h2 class=\"wp-block-heading\"><strong>Article 9 : R\u00e9clamations<\/strong><\/h2>\n\n\n\n<p class=\"has-black-color has-text-color has-link-color wp-elements-f0ad4887516fea2fe742e20cc08a8eac\">Toute r\u00e9clamation est \u00e0 adresser par voie \u00e9lectronique \u00e0&nbsp;:&nbsp;contact@rabe3d.com<\/p>\n\n\n\n<h2 class=\"wp-block-heading\"><strong>Article 10 : Propri\u00e9t\u00e9 intellectuelle<\/strong><\/h2>\n\n\n\n<p class=\"has-black-color has-text-color has-link-color wp-elements-7fe9bcf48cefcfd235f0a600d2495b0c\">Tous les commentaires, images, illustrations de notre site nous sont exclusivement r\u00e9serv\u00e9s. Au titre de la propri\u00e9t\u00e9 intellectuelle et du droit d\u2019auteur, toute utilisation est interdite sauf \u00e0 usage strictement priv\u00e9.<\/p>\n\n\n\n<p class=\"has-black-color has-text-color has-link-color wp-elements-1d4817b59b263fe56cef16976784728a\">Sans autorisation pr\u00e9alable, toute reproduction de notre site, qu\u2019elle soit partielle ou totale, est strictement interdite.<\/p>\n\n\n\n<p class=\"has-black-color has-text-color has-link-color wp-elements-4f1aee0bf15b0ada13878205abad50ef\"> <em>Rab\u00e9 3D Engineering<\/em> conserve la propri\u00e9t\u00e9 intellectuelle des ressources achet\u00e9es.<\/p>\n\n\n\n<p class=\"has-black-color has-text-color has-link-color wp-elements-1e663dcc7abb4af696e4f197c4218007\" style=\"font-size:18px\"><strong>Article 11. Responsabilit\u00e9<\/strong><\/p>\n\n\n\n<p class=\"has-black-color has-text-color has-link-color wp-elements-75764b4b58b997f01054beb6e26b1f30\" style=\"font-size:14px\">Nous engageons notre responsabilit\u00e9 contractuelle de plein droit \u00e0 votre \u00e9gard en cas d\u2019inex\u00e9cution ou de mauvaise ex\u00e9cution du contrat conclu.. Notre responsabilit\u00e9 ne pourra \u00eatre engag\u00e9e pour un dommage r\u00e9sultant de l\u2019utilisation du r\u00e9seau Internet tel que perte de donn\u00e9es, intrusion, virus, rupture du service, ou autres probl\u00e8mes involontaires. Les photographies de notre site n\u2019ont aucune valeur contractuelle. Elles ne sauraient donc engager notre responsabilit\u00e9.<\/p>\n\n\n\n<h2 class=\"wp-block-heading has-black-color has-text-color has-link-color wp-elements-08947626eaea1da9f335eb5fb21449d2\" style=\"font-size:18px\"><strong>Article 12. Donn\u00e9es \u00e0 caract\u00e8re personne<\/strong>l<\/h2>\n\n\n\n<p class=\"has-black-color has-text-color has-link-color wp-elements-362f82d1d1451be64aa95e1de7028d94\"><em>Rab\u00e9 3D Engineering<\/em> s&rsquo;engage \u00e0 pr\u00e9server la confidentialit\u00e9 des informations fournies par l\u2019acheteur, qu&rsquo;il serait amen\u00e9 \u00e0 transmettre pour l&rsquo;utilisation de certains services. L&rsquo;internaute dispose d&rsquo;un droit d&rsquo;acc\u00e8s, de modification et de suppression des informations le concernant. Il peut en faire la demande \u00e0 tout moment par courrier \u00e0 l\u2019adresse suivante : contact@rabe3d.com<\/p>\n\n\n\n<h2 class=\"wp-block-heading\"><strong>Article 13 : Conditions et termes d\u2019utilisation de nos ressources<\/strong>.<\/h2>\n\n\n\n<p class=\"has-black-color has-text-color has-link-color wp-elements-d3d5ba50b3248fe335cf8aa569d550aa\">Ces produits num\u00e9riques sont strictement confidentiels sont uniquement destin\u00e9s \u00e0 une utilisation priv\u00e9e.. Cela signifie que&nbsp;:<\/p>\n\n\n\n<p class=\"has-black-color has-text-color has-link-color wp-elements-b00b4ce6975931689591e117bedb7d85\">-Vous <em>ne<\/em> pouvez <em>pas divulguer<\/em> le contenu des documents \u00e0 d&rsquo;autres entreprises \u00e0 l&rsquo;exception des organismes notifi\u00e9s de contr\u00f4le et de sous-traitances.<\/p>\n\n\n\n<p class=\"has-black-color has-text-color has-link-color wp-elements-034aecc38964d0e0d8a08e1202c9e22d\">-Vous ne pouvez pas photocopier, copier et coller le texte, les illustrations, les plans, les dessins, les croquis, les sch\u00e9mas de nos ressources et les publier en votre nom.<\/p>\n\n\n\n<p><\/p>\n","protected":false},"excerpt":{"rendered":"<p>Les pr\u00e9sentes conditions de vente sont conclues d&rsquo;une part \u00e0 l&rsquo;entreprise Rab\u00e9 3D Engineering (le vendeur) et, d\u2019autre part, par toute personne physique ou morale (l\u2019acheteur) souhaitant proc\u00e9der l\u2019achat de produits num\u00e9riques via le site internet https:\/\/boutique.rabe3d.com\/ Article 1: Objet Les pr\u00e9sentes conditions de vente visent \u00e0 d\u00e9finir les relations contractuelles entre Rab\u00e9 3D Engineering [&hellip;]<\/p>\n","protected":false},"author":1,"featured_media":0,"parent":0,"menu_order":0,"comment_status":"closed","ping_status":"closed","template":"","meta":{"ocean_post_layout":"","ocean_both_sidebars_style":"","ocean_both_sidebars_content_width":0,"ocean_both_sidebars_sidebars_width":0,"ocean_sidebar":"","ocean_second_sidebar":"","ocean_disable_margins":"enable","ocean_add_body_class":"","ocean_shortcode_before_top_bar":"","ocean_shortcode_after_top_bar":"","ocean_shortcode_before_header":"","ocean_shortcode_after_header":"","ocean_has_shortcode":"","ocean_shortcode_after_title":"","ocean_shortcode_before_footer_widgets":"","ocean_shortcode_after_footer_widgets":"","ocean_shortcode_before_footer_bottom":"","ocean_shortcode_after_footer_bottom":"","ocean_display_top_bar":"default","ocean_display_header":"default","ocean_header_style":"","ocean_center_header_left_menu":"","ocean_custom_header_template":"","ocean_custom_logo":0,"ocean_custom_retina_logo":0,"ocean_custom_logo_max_width":0,"ocean_custom_logo_tablet_max_width":0,"ocean_custom_logo_mobile_max_width":0,"ocean_custom_logo_max_height":0,"ocean_custom_logo_tablet_max_height":0,"ocean_custom_logo_mobile_max_height":0,"ocean_header_custom_menu":"","ocean_menu_typo_font_family":"","ocean_menu_typo_font_subset":"","ocean_menu_typo_font_size":0,"ocean_menu_typo_font_size_tablet":0,"ocean_menu_typo_font_size_mobile":0,"ocean_menu_typo_font_size_unit":"px","ocean_menu_typo_font_weight":"","ocean_menu_typo_font_weight_tablet":"","ocean_menu_typo_font_weight_mobile":"","ocean_menu_typo_transform":"","ocean_menu_typo_transform_tablet":"","ocean_menu_typo_transform_mobile":"","ocean_menu_typo_line_height":0,"ocean_menu_typo_line_height_tablet":0,"ocean_menu_typo_line_height_mobile":0,"ocean_menu_typo_line_height_unit":"","ocean_menu_typo_spacing":0,"ocean_menu_typo_spacing_tablet":0,"ocean_menu_typo_spacing_mobile":0,"ocean_menu_typo_spacing_unit":"","ocean_menu_link_color":"","ocean_menu_link_color_hover":"","ocean_menu_link_color_active":"","ocean_menu_link_background":"","ocean_menu_link_hover_background":"","ocean_menu_link_active_background":"","ocean_menu_social_links_bg":"","ocean_menu_social_hover_links_bg":"","ocean_menu_social_links_color":"","ocean_menu_social_hover_links_color":"","ocean_disable_title":"default","ocean_disable_heading":"default","ocean_post_title":"","ocean_post_subheading":"","ocean_post_title_style":"","ocean_post_title_background_color":"","ocean_post_title_background":0,"ocean_post_title_bg_image_position":"","ocean_post_title_bg_image_attachment":"","ocean_post_title_bg_image_repeat":"","ocean_post_title_bg_image_size":"","ocean_post_title_height":0,"ocean_post_title_bg_overlay":0.5,"ocean_post_title_bg_overlay_color":"","ocean_disable_breadcrumbs":"default","ocean_breadcrumbs_color":"","ocean_breadcrumbs_separator_color":"","ocean_breadcrumbs_links_color":"","ocean_breadcrumbs_links_hover_color":"","ocean_display_footer_widgets":"default","ocean_display_footer_bottom":"default","ocean_custom_footer_template":"","footnotes":""},"class_list":["post-2415","page","type-page","status-publish","hentry","entry","owp-thumbs-layout-vertical","owp-btn-normal","owp-tabs-layout-horizontal","has-no-thumbnails","has-product-nav"],"yoast_head":"<!-- This site is optimized with the Yoast SEO plugin v26.6 - https:\/\/yoast.com\/wordpress\/plugins\/seo\/ -->\n<title>Conditions G\u00e9n\u00e9rales de Vente \u2013 Dossiers PDF |Boutique Rabe 3D<\/title>\n<meta name=\"description\" content=\"Consultez nos CGV pour l&#039;achat de dossiers techniques PDF. Transparence et s\u00e9curit\u00e9 pour vos commandes sur boutique.rabe3d.com.\" \/>\n<meta name=\"robots\" content=\"index, follow, max-snippet:-1, max-image-preview:large, max-video-preview:-1\" \/>\n<link rel=\"canonical\" href=\"https:\/\/boutique.rabe3d.com\/index.php\/conditions-generales-de-vente\/\" \/>\n<meta property=\"og:locale\" content=\"fr_FR\" \/>\n<meta property=\"og:type\" content=\"article\" \/>\n<meta property=\"og:title\" content=\"Conditions G\u00e9n\u00e9rales de Vente \u2013 Dossiers PDF |Boutique Rabe 3D\" \/>\n<meta property=\"og:description\" content=\"Consultez nos CGV pour l&#039;achat de dossiers techniques PDF. Transparence et s\u00e9curit\u00e9 pour vos commandes sur boutique.rabe3d.com.\" \/>\n<meta property=\"og:url\" content=\"https:\/\/boutique.rabe3d.com\/index.php\/conditions-generales-de-vente\/\" \/>\n<meta property=\"og:site_name\" content=\"Boutique Dossiers PDF\" \/>\n<meta property=\"article:publisher\" content=\"https:\/\/web.facebook.com\/profile.php?id=61555242518659\" \/>\n<meta property=\"article:modified_time\" content=\"2025-09-26T11:01:26+00:00\" \/>\n<meta name=\"twitter:card\" content=\"summary_large_image\" \/>\n<meta name=\"twitter:label1\" content=\"Dur\u00e9e de lecture estim\u00e9e\" \/>\n\t<meta name=\"twitter:data1\" content=\"6 minutes\" \/>\n<script type=\"application\/ld+json\" class=\"yoast-schema-graph\">{\"@context\":\"https:\/\/schema.org\",\"@graph\":[{\"@type\":\"WebPage\",\"@id\":\"https:\/\/boutique.rabe3d.com\/index.php\/conditions-generales-de-vente\/\",\"url\":\"https:\/\/boutique.rabe3d.com\/index.php\/conditions-generales-de-vente\/\",\"name\":\"Conditions G\u00e9n\u00e9rales de Vente \u2013 Dossiers PDF |Boutique Rabe 3D\",\"isPartOf\":{\"@id\":\"https:\/\/boutique.rabe3d.com\/#website\"},\"datePublished\":\"2024-11-05T10:13:06+00:00\",\"dateModified\":\"2025-09-26T11:01:26+00:00\",\"description\":\"Consultez nos CGV pour l'achat de dossiers techniques PDF. Transparence et s\u00e9curit\u00e9 pour vos commandes sur boutique.rabe3d.com.\",\"breadcrumb\":{\"@id\":\"https:\/\/boutique.rabe3d.com\/index.php\/conditions-generales-de-vente\/#breadcrumb\"},\"inLanguage\":\"fr-FR\",\"potentialAction\":[{\"@type\":\"ReadAction\",\"target\":[\"https:\/\/boutique.rabe3d.com\/index.php\/conditions-generales-de-vente\/\"]}]},{\"@type\":\"BreadcrumbList\",\"@id\":\"https:\/\/boutique.rabe3d.com\/index.php\/conditions-generales-de-vente\/#breadcrumb\",\"itemListElement\":[{\"@type\":\"ListItem\",\"position\":1,\"name\":\"Accueil\",\"item\":\"https:\/\/boutique.rabe3d.com\/\"},{\"@type\":\"ListItem\",\"position\":2,\"name\":\"Conditions g\u00e9n\u00e9rales de vente\"}]},{\"@type\":\"WebSite\",\"@id\":\"https:\/\/boutique.rabe3d.com\/#website\",\"url\":\"https:\/\/boutique.rabe3d.com\/\",\"name\":\"Boutique\",\"description\":\"\u00c9tudes m\u00e9caniques cl\u00e9 en main \u2014 vos notes de calcul et dossiers fabrication en PDF.\",\"publisher\":{\"@id\":\"https:\/\/boutique.rabe3d.com\/#organization\"},\"potentialAction\":[{\"@type\":\"SearchAction\",\"target\":{\"@type\":\"EntryPoint\",\"urlTemplate\":\"https:\/\/boutique.rabe3d.com\/?s={search_term_string}\"},\"query-input\":{\"@type\":\"PropertyValueSpecification\",\"valueRequired\":true,\"valueName\":\"search_term_string\"}}],\"inLanguage\":\"fr-FR\"},{\"@type\":\"Organization\",\"@id\":\"https:\/\/boutique.rabe3d.com\/#organization\",\"name\":\"Boutique\",\"url\":\"https:\/\/boutique.rabe3d.com\/\",\"logo\":{\"@type\":\"ImageObject\",\"inLanguage\":\"fr-FR\",\"@id\":\"https:\/\/boutique.rabe3d.com\/#\/schema\/logo\/image\/\",\"url\":\"https:\/\/boutique.rabe3d.com\/wp-content\/uploads\/2024\/01\/cropped-Rabe-3D-Engineering-100-pixels-Boutique.png\",\"contentUrl\":\"https:\/\/boutique.rabe3d.com\/wp-content\/uploads\/2024\/01\/cropped-Rabe-3D-Engineering-100-pixels-Boutique.png\",\"width\":354,\"height\":79,\"caption\":\"Boutique\"},\"image\":{\"@id\":\"https:\/\/boutique.rabe3d.com\/#\/schema\/logo\/image\/\"},\"sameAs\":[\"https:\/\/web.facebook.com\/profile.php?id=61555242518659\"]}]}<\/script>\n<!-- \/ Yoast SEO plugin. -->","yoast_head_json":{"title":"Conditions G\u00e9n\u00e9rales de Vente \u2013 Dossiers PDF |Boutique Rabe 3D","description":"Consultez nos CGV pour l'achat de dossiers techniques PDF. Transparence et s\u00e9curit\u00e9 pour vos commandes sur boutique.rabe3d.com.","robots":{"index":"index","follow":"follow","max-snippet":"max-snippet:-1","max-image-preview":"max-image-preview:large","max-video-preview":"max-video-preview:-1"},"canonical":"https:\/\/boutique.rabe3d.com\/index.php\/conditions-generales-de-vente\/","og_locale":"fr_FR","og_type":"article","og_title":"Conditions G\u00e9n\u00e9rales de Vente \u2013 Dossiers PDF |Boutique Rabe 3D","og_description":"Consultez nos CGV pour l'achat de dossiers techniques PDF. Transparence et s\u00e9curit\u00e9 pour vos commandes sur boutique.rabe3d.com.","og_url":"https:\/\/boutique.rabe3d.com\/index.php\/conditions-generales-de-vente\/","og_site_name":"Boutique Dossiers PDF","article_publisher":"https:\/\/web.facebook.com\/profile.php?id=61555242518659","article_modified_time":"2025-09-26T11:01:26+00:00","twitter_card":"summary_large_image","twitter_misc":{"Dur\u00e9e de lecture estim\u00e9e":"6 minutes"},"schema":{"@context":"https:\/\/schema.org","@graph":[{"@type":"WebPage","@id":"https:\/\/boutique.rabe3d.com\/index.php\/conditions-generales-de-vente\/","url":"https:\/\/boutique.rabe3d.com\/index.php\/conditions-generales-de-vente\/","name":"Conditions G\u00e9n\u00e9rales de Vente \u2013 Dossiers PDF |Boutique Rabe 3D","isPartOf":{"@id":"https:\/\/boutique.rabe3d.com\/#website"},"datePublished":"2024-11-05T10:13:06+00:00","dateModified":"2025-09-26T11:01:26+00:00","description":"Consultez nos CGV pour l'achat de dossiers techniques PDF. Transparence et s\u00e9curit\u00e9 pour vos commandes sur boutique.rabe3d.com.","breadcrumb":{"@id":"https:\/\/boutique.rabe3d.com\/index.php\/conditions-generales-de-vente\/#breadcrumb"},"inLanguage":"fr-FR","potentialAction":[{"@type":"ReadAction","target":["https:\/\/boutique.rabe3d.com\/index.php\/conditions-generales-de-vente\/"]}]},{"@type":"BreadcrumbList","@id":"https:\/\/boutique.rabe3d.com\/index.php\/conditions-generales-de-vente\/#breadcrumb","itemListElement":[{"@type":"ListItem","position":1,"name":"Accueil","item":"https:\/\/boutique.rabe3d.com\/"},{"@type":"ListItem","position":2,"name":"Conditions g\u00e9n\u00e9rales de vente"}]},{"@type":"WebSite","@id":"https:\/\/boutique.rabe3d.com\/#website","url":"https:\/\/boutique.rabe3d.com\/","name":"Boutique","description":"\u00c9tudes m\u00e9caniques cl\u00e9 en main \u2014 vos notes de calcul et dossiers fabrication en PDF.","publisher":{"@id":"https:\/\/boutique.rabe3d.com\/#organization"},"potentialAction":[{"@type":"SearchAction","target":{"@type":"EntryPoint","urlTemplate":"https:\/\/boutique.rabe3d.com\/?s={search_term_string}"},"query-input":{"@type":"PropertyValueSpecification","valueRequired":true,"valueName":"search_term_string"}}],"inLanguage":"fr-FR"},{"@type":"Organization","@id":"https:\/\/boutique.rabe3d.com\/#organization","name":"Boutique","url":"https:\/\/boutique.rabe3d.com\/","logo":{"@type":"ImageObject","inLanguage":"fr-FR","@id":"https:\/\/boutique.rabe3d.com\/#\/schema\/logo\/image\/","url":"https:\/\/boutique.rabe3d.com\/wp-content\/uploads\/2024\/01\/cropped-Rabe-3D-Engineering-100-pixels-Boutique.png","contentUrl":"https:\/\/boutique.rabe3d.com\/wp-content\/uploads\/2024\/01\/cropped-Rabe-3D-Engineering-100-pixels-Boutique.png","width":354,"height":79,"caption":"Boutique"},"image":{"@id":"https:\/\/boutique.rabe3d.com\/#\/schema\/logo\/image\/"},"sameAs":["https:\/\/web.facebook.com\/profile.php?id=61555242518659"]}]}},"_links":{"self":[{"href":"https:\/\/boutique.rabe3d.com\/index.php\/wp-json\/wp\/v2\/pages\/2415","targetHints":{"allow":["GET"]}}],"collection":[{"href":"https:\/\/boutique.rabe3d.com\/index.php\/wp-json\/wp\/v2\/pages"}],"about":[{"href":"https:\/\/boutique.rabe3d.com\/index.php\/wp-json\/wp\/v2\/types\/page"}],"author":[{"embeddable":true,"href":"https:\/\/boutique.rabe3d.com\/index.php\/wp-json\/wp\/v2\/users\/1"}],"replies":[{"embeddable":true,"href":"https:\/\/boutique.rabe3d.com\/index.php\/wp-json\/wp\/v2\/comments?post=2415"}],"version-history":[{"count":65,"href":"https:\/\/boutique.rabe3d.com\/index.php\/wp-json\/wp\/v2\/pages\/2415\/revisions"}],"predecessor-version":[{"id":2532,"href":"https:\/\/boutique.rabe3d.com\/index.php\/wp-json\/wp\/v2\/pages\/2415\/revisions\/2532"}],"wp:attachment":[{"href":"https:\/\/boutique.rabe3d.com\/index.php\/wp-json\/wp\/v2\/media?parent=2415"}],"curies":[{"name":"wp","href":"https:\/\/api.w.org\/{rel}","templated":true}]}}